k/5 - 307/(-5)?
6
Let v = -42 - -47. Suppose -3*u + 735 = v*z, 0*u - 2*z + 735 = 3*u. What is the hundreds digit of u?
2
Let x be (14/8)/((-32)/(-47104)). Suppose 5*y = -4*o + y + x, 1957 = 3*o - 2*y. What is the units digit of o?
9
Let b = -912 + 2125. Suppose 2*k + a - 1505 = -3*k, -4*k + a + b = 0. Suppose -5*w + k = -p, 2*w + 67 = 3*w + 2*p. What is the units digit of w?
1
Let j(k) = -k**3 - 15*k**2 - 15*k - 14. Let s be j(-14). Suppose s = -o + 3*x + 806, -4*o + 2*x + 1112 = -2082. What is the hundreds digit of o?
7
Let b(r) = -r - 1. Let z(q) = -2*q**3 - 12*q**2 - 10*q - 11. Let t(k) = 4*b(k) + z(k). What is the hundreds digit of t(-8)?
3
Suppose 0 = -7*l + 4*l - 5*o - 9, 0 = 2*o + 6. Let x(m) = 1004*m + 10. What is the tens digit of x(l)?
1
Suppose 343094 = 77*f + 72978. What is the units digit of f?
8
Let g(p) = -p - 26. Let w be g(-31). Suppose -4*d + 1326 = -3*j, 3*j = w*d - 8*d + 1005. What is the units digit of d?
3
Let s = -50342 - -73002. What is the units digit of s?
0
Suppose -b + 10337 = -5*s, -10 = 3*s - 7. What is the units digit of b?
2
Let c(y) = -y**3 + 39*y**2 - 23*y + 210. What is the hundreds digit of c(27)?
3
Let j(f) = -23*f**3 + 30*f**2 + 135*f + 15. What is the hundreds digit of j(-6)?
2
Suppose -450*u - m = -449*u - 215, 4*u = -m + 848. What is the hundreds digit of u?
2
Let u(c) = -c**3 - 6*c**2 + 5*c - 5. Let s be u(-8). Suppose 78*v - s*v = -2055. What is the tens digit of v?
1
Let c(v) = v**3 + 3*v**2 + 5*v + 7. Let o be c(-7). What is the hundreds digit of o/(-3)*((-30)/(-12) + -1)?
1
Suppose -2*c = -0*c + 3*u + 1, -5*c + 4*u = -32. Suppose -4*j + 1380 = -0*j. Suppose h - j = -c*h. What is the tens digit of h?
6
What is the tens digit of ((-46837)/(-4))/(20/16) + 4/(-10)?
6
Let m(s) = -5*s**2 - 1. Let b(h) = -11*h**2 - h - 2. Let n(y) = 6*b(y) - 13*m(y). What is the units digit of n(-6)?
1
Let y(b) = -b**2 + 2*b + 13. Let t be y(5). Let c be t/(-17) - (-305273)/(-323). What is the units digit of c/(-25) - 1/(-5)?
8
Suppose 0 = -z + 4 + 12. Suppose z*l - 12*l + 80 = 0. Let c(s) = -s**3 - 19*s**2 + 15*s + 7. What is the tens digit of c(l)?
0
Let z be 66/(0 - (-15)/10). Let s = z - 40. Suppose -4*g - 2*k = -952, 0 = -2*g + s*k - 2*k + 470. What is the units digit of g?
7
Suppose -1391035 = -75*p + 322115. What is the thousands digit of p?
2
Let t be ((-22)/5 - -4)/((-4)/240). Suppose 5 = -l, -5*j + t*l + 6450 = 19*l. What is the thousands digit of j?
1
Let u(f) = -f + 113. Let x be u(24). Suppose 94*n = x*n + 4670. What is the units digit of n?
4
Let r(f) = f**2 + 9*f + 24. Let l be r(-4). What is the hundreds digit of 130 + 80 - (l - -1)?
2
Suppose -4 = -t - 2. Let w = -1 + t. What is the tens digit of ((-3 - -2)/w)/((-4)/308)?
7
Let a(f) = f + 96. Let v be a(-21). Suppose -5*w - 2*m = -12 - 42, 5*m = 5*w - v. What is the units digit of w?
2
Suppose 12*w - 26513 = -5261. What is the hundreds digit of w?
7
Let i = 39 + -37. Suppose i*w - 3*f - 22 = 7*w, -f = 5*w + 24. What is the units digit of 1/(((-15)/132)/w)?
4
Suppose -7*z + 321 = -6*z. Suppose 101 = 2*n + z. Let r = n + 158. What is the units digit of r?
8
Suppose -5*g = -13 + 3. Let n = -3607 + 3610. What is the tens digit of (1 + g + n + -59)*-1?
5
Suppose 3*k - k + w - 45 = 0, 86 = 4*k - 2*w. What is the units digit of k/4*(-8 - -54) - 0?
3
What is the hundreds digit of (-37 + 41)/(40/2) - 153258/(-10)?
3
Let n(s) = -102*s + 20. Let q be n(-6). Suppose -878 - q = -5*k. What is the tens digit of k?
0
Let s(c) = 3*c**3 - 3*c**2 + c + 1. Let l be s(1). Suppose 19*u = 21*u + l, r = 5*u + 281. What is the hundreds digit of r?
2
Suppose -3*c - c = 2*c. Suppose -r + 123 + 68 = -3*b, c = -2*r + 3*b + 388. What is the hundreds digit of r?
1
Suppose 1049 + 1153 = 6*z. Suppose 5*j - z = 338. Suppose -6*c + j = -381. What is the units digit of c?
7
Suppose 0 = -3*t + 87 - 12. Let x(o) = -42*o + 20*o - 1 + 6*o**2 + o**3 + t*o. What is the units digit of x(-4)?
9
Let i(v) = -v**3 - 5*v**2 - 4*v - 2. Let t be i(-2). What is the tens digit of (9/(-5) - t)/((-1)/(-15))?
6
Let m be ((-12)/8 - -4)/1*10. Let f = m - 23. Suppose f*n = 6*n - 504. What is the tens digit of n?
2
Let a be (-1 - 9)/(9 - 8). Let x be a/(-65) - 150/(-39). What is the units digit of 228/18 + x/(-6)?
2
Suppose 132785 = 46*z - 123481. What is the thousands digit of z?
5
Let y(l) = 41*l**2 + 18*l + 7. Suppose 39 - 54 = 5*u. What is the units digit of y(u)?
2
Suppose -5*o - 16*f = -13*f - 8597, -3*o - 4*f + 5156 = 0. Suppose -o = -166*t + 162*t. What is the tens digit of t?
3
Suppose 86 + 976 = 6*y. Let s be y/(11/(-2) - -4). Let h = -3 - s. What is the hundreds digit of h?
1
Suppose 0 = -2*c - 13*c + 105. What is the hundreds digit of 3/c - 143584/(-196)?
7
Let v = 10133 + 341. What is the hundreds digit of v?
4
Let h(c) = c**3 - 5*c**2 + 4*c + 6. Let y be h(5). Let s = -399 + 484. Let o = s - y. What is the tens digit of o?
5
Let s(t) = -9*t + 1. Let c be s(3). Let i = c - -51. Let p = i - 23. What is the units digit of p?
2
Suppose 5*i = q - 742, -13*q + 12*q + 754 = -i. What is the tens digit of q?
5
Let x(v) = -19*v - 19. Let j be x(-2). Let s(q) = -24*q + j*q - 13 + 5*q**2 - 17*q + q**3. What is the tens digit of s(-6)?
8
Let l(w) = 732*w**2 - 34*w - 97. What is the tens digit of l(-3)?
9
Let d = 130 - 121. Let y be 831/d + (-3)/9. Let i = 152 - y. What is the tens digit of i?
6
Let z(y) = 42162*y + 53. What is the thousands digit of z(1)?
2
Let p(s) = 78*s - 17. Let a(i) = -52*i + 11. Let j(w) = 8*a(w) + 5*p(w). Let o be j(1). Let k = 144 + o. What is the hundreds digit of k?
1
Let g(q) = -q**3 + 6*q**2 - 12*q + 16. Let o be g(5). What is the hundreds digit of (-7906)/o - (208/(-152))/(-13)?
4
Suppose z + 29170 = 4*j, j - 299*z = -301*z + 7306. What is the tens digit of j?
9
Let k = -43 + 47. Suppose 6 = k*t - 6. Suppose -t*c + 245 = -370. What is the units digit of c?
5
Suppose 14177 = s + 2*u, 13*u = -s + 8*u + 14189. What is the units digit of s?
9
Let o = -67 - -70. Suppose -8*w = -4*w - o*a - 771, 4*w - 741 = -3*a. Let m = -109 + w. What is the units digit of m?
0
Let l(a) = -52*a - 475. What is the tens digit of l(-17)?
0
Let h be 56/6 - 2/(-3). Let m be 771/(-15) + 4/h. Let d = 65 + m. What is the tens digit of d?
1
Let t = -2361 + 1617. Let m = t + 2307. What is the thousands digit of m?
1
Let p(k) = k**2 + 16*k + 103. Let a be p(-8). Suppose -37*c = -a*c + 1366. What is the hundreds digit of c?
6
Suppose -c - 5 = -4*r + 4, -3*c + 7 = 5*r. Let f(l) = -l - 3 - 23 + l**r + 6. What is the tens digit of f(9)?
5
Suppose -66 = 5*f - 3*b, -2*f - 3 = 2*b + 17. Let w be f/18 + (-69)/(-9). Suppose w*d - 2*d = 300. What is the tens digit of d?
6
Let p(u) = 94*u**2 - 164*u - 501. What is the units digit of p(-3)?
7
Let f(q) = q**3 + 21*q**2 + 17*q - 24. Let o be f(-13). Let s = -606 + o. Suppose -5*c = -15, -484 = -4*u + c + s. What is the units digit of u?
7
Let o = -4819 + 4828. Let i be -704*1*1*-3. Suppose i = -w + o*w. What is the hundreds digit of w?
2
Suppose -5*c = -4*z - 1120, 483 = 3*c - 5*z - 176. What is the units digit of c?
8
Suppose -418884 - 1387510 = -120*c - 456754. What is the hundreds digit of c?
2
Let f(t) = -1 + 13*t**2 + 1 - 2 - 11*t**2 + 180*t**3. What is the units digit of f(1)?
0
What is the hundreds digit of ((-28032)/(-336))/((-6)/(-63))?
8
Suppose 11*y = 10*y + 11. Suppose 7*a + y*a - 3438 = 0. What is the hundreds digit of a?
1
Let g(p) = -231*p**3 + 12*p**2 + 58*p + 275. What is the tens digit of g(-5)?
6
Let s(c) = -c**3 + 59*c**2 + 123*c + 539. What is the tens digit of s(60)?
1
Let i(x) = -x - 3. Let w = -41 - -33. Let a be i(w). Suppose a*p = 2*v + 580, 2*p - 232 = 4*v - 2*v. What is the tens digit of p?
1
What is the tens digit of 1535*12/(240/244)?
2
Let u(t) = 20*t + 126*t - 251 + 37*t + t + 94. What is the tens digit of u(4)?
7
Suppose u + 618 - 9184 = 0. What is the thousands digit of u?
8
What is the hundreds digit of (-50255184)/(-1421) + (-6)/87?
3
Suppose 0 = -3*z + 6 - 0. Let p(h) = -h**3 + 5*h + 9*h**z - 3*h - h - 14 + 2*h. What is the units digit of p(8)?
4
Let h(y) = y**2 + 3*y - 1. Suppose -q - 2*q = 2*s + 14, -5*s = -3*q - 7. Let p be h(q). Let l(t) = 24*t - 17. What is the units digit of l(p)?
5
Suppose 3*u + 99 = -27. Let x(t) = t**3 - 12*t**2